- 2*i + 48, 0 = c*y + 5*i - 100. What is the tens digit of y?
4
Let p be 4*7/42 + 79/3. Suppose -p*h + 5377 = -6206. What is the units digit of h?
9
Let y(s) = -1042*s - 9096. What is the hundreds digit of y(-29)?
1
Suppose -2401 = 4*o - 3*c, 0 = -3*o + c - 1113 - 684. Let l = 1094 + o. What is the units digit of l?
6
Let z(y) = 10320*y + 2481. What is the ten thousands digit of z(5)?
5
Let d(v) = 3*v - 2. Let n be d(19). Let f = 54 - n. What is the tens digit of f/((-1)/29*1)?
2
Let a be 2/((-5)/(165/6)). Let f(z) = 2*z**2 + 21*z + 1. Let b be f(a). Suppose 2*o + 3*m = b, o = -m - 2 + 9. What is the units digit of o?
9
Suppose -20*d + 3440 - 640 = -4*d. What is the tens digit of d?
7
Let l(w) = 61*w + 137. Suppose 4*n = n - d + 40, 0 = -5*n + 4*d + 95. What is the hundreds digit of l(n)?
0
Let r(o) be the first derivative of o**4/4 - 5*o**3/3 + 5*o**2/2 + 5*o + 103. Suppose 2*f = 2*g + f - 12, -2*f = -3*g + 18. What is the tens digit of r(g)?
7
Suppose h - d = 244, 2*d = 3*h - 6*h + 717. Let l = -115 + h. Suppose 0*p + p - l = 0. What is the units digit of p?
6
Suppose -s - 5*g = -11 - 10, -5*s + 2*g = -78. Suppose -26*v + 28 = -24. Suppose 3*c + q - 28 = 2*q, v*c - s = -2*q. What is the units digit of c?
9
Let c be 26/10 - 6/(-15). Let g be ((-10)/c)/((-3)/36). Suppose -3*s + 4*x = 3*x - g, -3*s + 28 = 2*x. What is the units digit of s?
2
Suppose 11*p + 130*p - 2342292 = 0. What is the ten thousands digit of p?
1
Suppose 4*z = -3*y + 34043, 3*z - 17509 = 3*y + 8039. What is the thousands digit of z?
8
Let s(w) = -118*w - 25. Let j(v) = 59*v + 13. Let f(x) = 13*j(x) + 6*s(x). Let l be f(7). Suppose 18*k + l = 21*k. What is the tens digit of k?
4
What is the units digit of (-648)/18 - -8 - -7478?
0
Let b(d) = -968*d - 457. What is the ten thousands digit of b(-11)?
1
Let c(l) = -2*l**2 - 9*l + 8. Let s be c(-6). Let h = s + 144. Let p = 310 - h. What is the tens digit of p?
7
Let k(x) be the second derivative of x**3/6 - x**2 + 15*x. Let w be k(3). Suppose -3*m + 5 = -2*c, 0*m = -m - 2*c - w. What is the units digit of m?
1
Let s(j) = j**2 - 2*j - 2. Let b(x) = -222*x**2 - x + 10. Let f(u) = -b(u) - 2*s(u). What is the units digit of f(2)?
4
Let v(j) = -6*j + 30. Let r be v(5). Let i(o) = o**3 + o**2 + 16. Let k be i(r). What is the units digit of (17/(-1))/(k/(-112))?
9
Let h = -301 - -296. What is the tens digit of (2 - 3)*(-831 + h + 5)?
3
Let z = 16302 + -8002. What is the units digit of z?
0
Let z(l) = 85*l**2 - 22*l + 42. What is the units digit of z(-3)?
3
Let c(k) = -884*k + 141. What is the hundreds digit of c(-14)?
5
Let i(m) = -m**2 + 11*m + 22. Let d be i(12). Suppose -d = -2*y - 3*y. Suppose -y*p - 6*p + 544 = 0. What is the tens digit of p?
6
What is the hundreds digit of (-120)/80*(-11896)/3?
9
Let x(f) = 188*f**2 + 15*f - 57. What is the units digit of x(6)?
1
Let l(v) = v**3 - 3*v**2 - 9*v - 1. Let p be l(5). Suppose -3*g - r + 367 + 147 = 0, -696 = -p*g - 4*r. What is the hundreds digit of g?
1
Let n = 40088 - 27501. What is the units digit of n?
7
Let s(t) = -13*t**2 + 24*t + 61. Let l(j) = -3*j**2 + 6*j + 15. Let r(y) = -9*l(y) + 2*s(y). Let w be r(7). What is the tens digit of (-753)/(-12) - 3 - w/24?
6
Let m(s) = -619*s - 1010. What is the units digit of m(-6)?
4
Let j be -214 - ((-1)/1 + -1). Let k = 475 + j. What is the tens digit of k?
6
Suppose -3*r = -5*l + r + 250, -3*l + 3*r + 147 = 0. Let m be (0 - 3)*6*9/l. Let n(d) = 6*d**2 + 6*d + 7. What is the units digit of n(m)?
3
Suppose -2*u + 4 = -0*u + 5*b, -3*b + 29 = 5*u. Suppose -u*p = -4*p - 675. What is the hundreds digit of p?
2
Let c be 3844/(-30) - (-5 - 219/(-45)). Let y = c + 277. Suppose 5*w - 351 - y = 0. What is the tens digit of w?
0
Suppose -50*l + 318754 + 122726 = 10*l. What is the hundreds digit of l?
3
Let c(h) = -h**2 + 41*h - 33. Let o be c(39). Suppose -o*d + 13*d + 19904 = 0. What is the tens digit of d?
2
Suppose -38*i = 46*i - 157332. What is the tens digit of i?
7
Suppose 0 = -4*f - 73 + 9. Let g(k) = -20*k - 77. What is the hundreds digit of g(f)?
2
Let i = -17991 - -38228. What is the tens digit of i?
3
Let n(c) = c + 5. Let w be n(-3). Suppose -5*u - 2*t + 1494 = 0, -5*u = -0*u - w*t - 1486. Let k = 518 - u. What is the units digit of k?
0
Let q = -101 + 2438. What is the hundreds digit of q?
3
Suppose 548*h = 523*h + 650875. What is the tens digit of h?
3
Let n(f) = -f**3 + 16*f**2 + 26*f - 52. Let k be n(15). Suppose -3*t = -703 - k. What is the hundreds digit of t?
4
Let k = -9657 - -14623. What is the units digit of k?
6
Suppose 32*q = 56*q - 47*q + 41147. What is the hundreds digit of q?
7
Let p be (-2)/5 + (-216)/(-40). Suppose -p*k + 22 + 3 = 0. Suppose -f + 3 = -j, -3*f - 2*f - 5*j = -k. What is the units digit of f?
2
Let r = 10 - 16. Let h be 2*2/(-4) - r. What is the units digit of 30/(-12)*h/((-25)/4)?
2
Suppose -2*r + 0*r - 4*w = -2230, 0 = -2*w. Suppose 4*f + o - 4409 = 0, 14*f - 4*o = 13*f + r. What is the units digit of f?
3
Let j(p) = -p**3 - 4*p**2 + 5*p. Let s(n) = n**3 - 18*n**2 + n - 24. Suppose 3*x - 76 = -22. Let g be s(x). What is the tens digit of j(g)?
4
Let s(i) = 6*i**2 + 4*i - 2. Let q be s(-2). Suppose -54 = -2*f + q. Suppose 492 = f*g - 30*g. What is the units digit of g?
3
Let p be (2 + -3 + 1)*(-1)/(-3). What is the tens digit of (p + -218)*(-14 - (-8 - 5))?
1
Let s be 220/18 + (-10)/(-135)*-3. Suppose 2*a + a + s = 0. What is the tens digit of -2 - (a + 2) - (-104 - -6)?
9
Suppose -5*f = 25, -41*t - 90830 = -46*t + 2*f. What is the units digit of t?
4
Suppose d - 5*f + 10 = 6*d, 0 = 5*d - 2*f - 10. Suppose -2*r + 3 - 10 = -3*i, d*i = -5*r - 27. What is the units digit of -5 - 2/i - -92?
9
Let t(p) = -p**3 + 3*p**2 + 16*p - 9. Let r be t(-7). Suppose -13*v + r = -4*v. Suppose 3*c + 3*l = 147, l + 4*l = -c + v. What is the units digit of c?
1
Let y = -1069 + 20684. What is the ten thousands digit of y?
1
Suppose -19*w = -202*w - 58194. Suppose 5*x - 466 = 4*x. Let v = x + w. What is the tens digit of v?
4
Let c(v) = -v**2 + 8*v + 97. Let i be c(-6). Suppose 4*y - 340 = -j, -9*j - 1465 = -i*j + 5*y. What is the units digit of j?
0
Let l = -830 - -1560. Let j = l - 336. What is the hundreds digit of j?
3
Let d = 691 + -673. Let g(c) = 2*c**2 + 1. Let x be g(-4). Let r = d + x. What is the units digit of r?
1
Let h(l) = 9*l**2 - 8*l - 22. Let g be h(-8). Suppose 2*v + 11*a - 15*a = 638, -2*v - a = -g. What is the tens digit of v?
1
Let v = -254 - 452. Let r be 4 + (-1)/(-2)*v. Let l = 489 + r. What is the hundreds digit of l?
1
Suppose 1992 = u - 4*i - 949, -2*i + 2923 = u. What is the hundreds digit of u?
9
Suppose -5*r + 5676 - 816 = 0. Suppose 2*u - 5*u = -r. Suppose 5*y - 7*y + 324 = 3*m, -2*y - u = -3*m. What is the tens digit of m?
0
Suppose -4*g - 76943 = -5*n, 5*n + 2*g + 20797 = 97728. What is the units digit of n?
7
Let g = 64779 + -39767. What is the thousands digit of g?
5
Let b be (-2 - -3)/2*-4*-2. Suppose -b*v = -4*u + 6764, 0*v + 8449 = 5*u + v. What is the thousands digit of u?
1
Suppose -t - 2*t + 728 = 5*p, -4*t + 2*p = -1014. Let z = -25 + t. What is the hundreds digit of z?
2
Let t be 2*2/6*-3. Let b be 100/t*10/(-75)*42. Let g = b - 179. What is the hundreds digit of g?
1
Suppose -6*p + 38 = 8. Suppose -a - p*c = -3 - 23, -3*a = -4*c + 17. What is the units digit of (-1*a)/(-1) - (-2200)/22?
1
Let v(j) = 2*j**2 - 29*j - 19. Let i be v(15). Suppose -4 = -2*f + 16. What is the tens digit of 5/(f/i) - -71?
6
Let w be (0 - 0)*11/44. Suppose 9*s - 3*s + 468 = w. Let m = 116 + s. What is the units digit of m?
8
Let z(c) = 29*c**2 + 55*c + 16. What is the hundreds digit of z(12)?
8
Suppose 59*a - 32648 = -56*a + 111*a. What is the hundreds digit of a?
1
Let k be (6/(-6) + 1)*1. Suppose k = 3*d + 4*z - 1171, -20*d - 1570 = -24*d - z. What is the units digit of d?
3
Let x = 77 - -5. Suppose 89*r - 2639 = x*r. What is the tens digit of r?
7
Let w(t) = t**2 - t - 13. Let f(r) = 9*r - 9. Let u be f(3). Let h(z) = -z**2 + 18*z + 13. Let l be h(u). What is the units digit of w(l)?
3
Let q(o) be the first derivative of -o**3/3 - 59*o**2/2 + 62*o - 96. What is the tens digit of q(-31)?
3
Suppose -25*o = -18*o + 476. Let b be -106*(-3 - 0 - -2). Let f = o + b. What is the tens digit of f?
3
Let n be 1/5